l?
5
Let r = 531 - 531. Suppose 888*l - 882*l - 2328 = r. What is the tens digit of l?
8
Suppose 14469 = 4*v - 5*x, -4*v + x + 4999 = -9466. Suppose -6*w - 706 = -v. What is the units digit of w?
5
Suppose 324116 = -0*x + 13*x. Suppose -x = -35*w + 2543. What is the units digit of w?
5
Let l be (-4)/(-30)*-3 - 22/(-5). Suppose -2*p + 3264 = -3*v, l*p - 2995 = 5*v + 3531. Suppose 0 = -9*f - 0*f + p. What is the tens digit of f?
8
What is the hundreds digit of -9*(-3)/(-6)*379786/(-183)?
3
What is the units digit of (9 - 4239)/((-6)/(-10) + 6/(-8))?
0
Let t(s) = 6*s**2 - 27*s + 256. What is the hundreds digit of t(26)?
6
Let t be (1/4*-13)/(17/(-12172)). Suppose -y - 1287 + 122 = -2*b, 3*y = 4*b - t. What is the tens digit of b?
8
Suppose -11*a - q - 74066 = -16*a, -a - 2*q + 14800 = 0. What is the units digit of a?
2
Let f(h) = -h**3 + 68*h**2 - 183*h + 121. What is the thousands digit of f(63)?
8
Let h(g) = -17*g - 39. Suppose -2*s + 1 = -2*n - 3, 5*s = 4*n + 5. Let c be h(n). What is the units digit of (-805)/(-11) + c/(-253)?
3
Suppose -r + 6*r = -0*r + 24035. What is the tens digit of r?
0
Suppose 120*a - 1871 = 105*a + 13324. What is the thousands digit of a?
1
Let q(y) = 11*y - 1. Let u be q(3). Let c = u - 34. What is the units digit of (-84)/15*5/c?
4
Suppose -n + 890 = -k - 844, -5*n + 3*k + 8672 = 0. What is the tens digit of n?
3
Let l(j) = -298*j + 1979. What is the units digit of l(-9)?
1
Suppose 21485 = 4*r + 3*w, w + w = 6. What is the hundreds digit of r?
3
Let k = 39 + -20. Suppose -k*y + 1539 = -16*y. Suppose 0*u + 4*l = 5*u - y, 0 = u - l - 102. What is the hundreds digit of u?
1
Let i = 9018 - -38458. What is the thousands digit of i?
7
Let n = 12584 - 8580. Suppose 0 = -11*m - 3*m + n. What is the tens digit of m?
8
Suppose 0 = 32*t - 29*t - 9. Suppose -t*o + 75 = -0*o - v, 4*v + 40 = 2*o. Suppose r + 16 = q - 0*q, q - o = -r. What is the units digit of q?
1
What is the tens digit of (6*(-15)/(-40))/(-3) - 318222/(-8)?
7
Let f be 5/(-1) + (-9 + 518)/(-1). Let j = 1264 + f. What is the hundreds digit of j?
7
Let r be (8/24)/((-8 + 4)/(-24)). Suppose 0 = -5*n + 2*i + 3*i + 2955, 0 = -n + r*i + 588. What is the tens digit of n?
9
Let b(m) = -9*m - 3. Let y(s) = -s**2 + 7*s - 12. Let q be y(12). Let x be (q/(-20))/(1 + (-7)/5). What is the units digit of b(x)?
8
Let w = -1147 - -5818. What is the tens digit of w?
7
Let r(v) = -1365*v + 4156. What is the hundreds digit of r(-22)?
1
Suppose -744406 - 75114 = -16*k. What is the thousands digit of k?
1
Let t = 791 + -788. Suppose 13*w - 583 = -g + 17*w, 3*w + 1794 = t*g. What is the hundreds digit of g?
6
Let g be (4/(-14))/(30/(-210)). Suppose 0 = i - g*n - 76, 0*n = -5*i - 4*n + 380. What is the tens digit of i?
7
Let t be (9/(81/30))/((-4)/(-1182)). Suppose 7*g - 618 = t. What is the hundreds digit of g?
2
Let s = 541 - 501. Suppose 0 = 5*u + 4*i - 0*i - 280, -s = -u - 4*i. What is the tens digit of u?
6
Suppose 17*b - 1028238 = 346144. What is the ten thousands digit of b?
8
Suppose 7*n + 24 = -18, 3*n - 39114 = -4*x. What is the units digit of x?
3
Let s = -252 - -363. Let t = 162 - s. What is the units digit of t?
1
Suppose -88*w + 85*w = 2*y - 52378, -5*w + y = -87262. What is the tens digit of w?
5
Suppose 2*v + 3574 = 3*g - 2*v, g - 1206 = 5*v. Suppose -5*b + 3017 - 645 = -4*o, 2*o + 5*b + g = 0. What is the hundreds digit of 14/(-21) + (o/3)/(-1)?
1
Let x = -3 - -2. Let z be (-8 - 2) + 7 + 5. What is the tens digit of 1245/30 - x/z?
4
Let k = -3942 + 820. What is the tens digit of (-7)/56 - (k/16 - -2)?
9
Let v be ((-1)/(-5) - (-156)/(-30))/(-1). Suppose 282 = w + v*j, w - 4*j - 272 = j. Let r = w + -132. What is the hundreds digit of r?
1
Let n be 16788/18 - 10/15. Let i = -559 + n. What is the tens digit of i?
7
Suppose 4 = -33*i + 35*i. Suppose -7*b - 10 = -i*b. What is the tens digit of (7 - 8)/(b/280*2)?
7
Let x(a) = -a**3 - a**2 + 9*a - 3. Let w be x(-4). Suppose -w*g = -17*g + 2984. What is the hundreds digit of g?
3
Suppose p - 2 = 2*f, -2*p + 12 = -5*p. What is the hundreds digit of f - 1257*((-25)/(-15) + -2)?
4
Suppose -23*j = -22*j - 5. Suppose z - 4*p - 53 = 0, j*z = p - 3*p + 375. What is the tens digit of z?
7
Let c be 2/(-5) + 16401/15 + -4. Suppose -j = k - 2*k - 221, 3*k = -5*j + c. Suppose -6*d = -j - 135. What is the tens digit of d?
5
Suppose 3*z + 3 = 0, 2*h - z - 3*z = 57876. What is the ten thousands digit of h?
2
Suppose -8*p - 2*p = 9380. What is the tens digit of 3/(-15)*p - 2/(-5)?
8
Let a(l) = 24*l + 139. Let p be a(-8). Let j = 68 + -2. Let d = j + p. What is the units digit of d?
3
Suppose -15888 = -31*u + 27*u. Suppose 20*z - 14*z = u. What is the hundreds digit of z?
6
Suppose 0 = -2*x + 6690 + 3611 + 9579. What is the units digit of x?
0
Suppose 67*u - 538 = 66*u. Let r = 31 + u. What is the hundreds digit of r?
5
Let j = -71532 - -120071. What is the tens digit of j?
3
Suppose 6*b - 277749 = -15*b + 99201. What is the units digit of b?
0
Suppose -2*w + 4*q - 10 = -58, 0 = -2*w + 5*q + 43. Suppose -7 = y - w. Suppose -5*a = -k - y - 497, -3*a + 314 = -k. What is the hundreds digit of a?
1
Suppose 0 = -6*y + 4*y + 12. Suppose 7*n - 2 = y*n. Suppose 0*h - 78 = -n*p + h, -2*h + 110 = 3*p. What is the units digit of p?
8
Suppose -y - 326 - 110 = 0. Let g = 837 + y. What is the units digit of g?
1
Let b(x) = x**3 + 5*x**2 - 3*x + 20. Let y be b(-6). Suppose 138 + 107 = 5*q + 2*v, 4*q - y*v = 196. Let j = -23 + q. What is the units digit of j?
6
Suppose 2*w + 19*a - 86852 = 15*a, 4*w = 4*a + 173632. What is the units digit of w?
4
Let b(c) = 351*c**2 - 2*c - 45. What is the hundreds digit of b(7)?
1
Let q = 276 + -404. Let p be (q/24)/(((-24)/(-207))/(-4)). Suppose -3*u + 8 = -p. What is the tens digit of u?
6
Let g(r) = -r**3 + 6*r**2 + 12*r + 7. Let v be g(14). Let p = -141 - v. What is the units digit of p?
2
Let t be ((-490)/(-28))/((-1)/2). What is the tens digit of (15 + t)/(2/(-45))?
5
Let u be (-2)/(-7) + 51/(-7). What is the units digit of (2/6)/(u*8/(-168))?
1
Let a = -61888 - -89988. What is the ten thousands digit of a?
2
Suppose -16 = -3*k + 4*h, -2 = -4*k + 4*h + 14. Suppose k = -3*i + 12, 5*v + 0*i - 293 = -2*i. Suppose f - 27 = v. What is the tens digit of f?
8
Suppose 3*p = -n - p + 2576, -3*p = -2*n + 5130. Suppose -21*d + n = -15*d. What is the hundreds digit of d?
4
Let w = 26 - 20. Suppose w = y - 0*y. Suppose -y*c - n + 256 = -c, 3*c - 4*n = 149. What is the tens digit of c?
5
Let n(a) = -348*a - 385. Let m(s) = s**2 + 3*s - 59. Let g be m(6). What is the hundreds digit of n(g)?
3
Let p(h) = -h**3 + 29*h**2 - 29*h + 33. Let g be p(28). Suppose g*o = 4*o + 379. What is the tens digit of o?
7
Let y be 38/(-14) - ((-4)/(-14) + 0). Let c be (y/(1 + 2))/((-1)/(-2)). Let z(q) = -6*q**3 + 2*q**2 - 2*q - 1. What is the units digit of z(c)?
9
Let x be (-6)/2 - (-8991)/37. Suppose 3*l + x = 9*l. What is the units digit of l?
0
Let w be 232 + -12 + 8 + 3. Let r = 2 - 13. What is the tens digit of (-4)/14 + r/(w/(-2043))?
9
Suppose -20*h - 682 = 118. What is the hundreds digit of ((-192)/h)/((70/(-325))/(-7))?
1
Suppose -d - 3*d - 672 = 0. Suppose -81 = 12*y - 21*y. What is the units digit of d/(-27) + (25/y - 3)?
6
Let g = -94 + 84. Let w(x) = -17*x - 9. Let a be w(g). Let m = a - 51. What is the hundreds digit of m?
1
Suppose 193890 = 5*j + 5*n, -6*n - 232713 = -6*j - 3*n. What is the tens digit of j?
8
Let q = 70624 + -44916. What is the tens digit of q?
0
Suppose -422818 = 49358*u - 49380*u. What is the thousands digit of u?
9
Let v = 18640 - 17361. What is the thousands digit of v?
1
Let o(i) = -11*i - 93. Let b be o(-8). What is the tens digit of (-7 - b)/(1/(-696))?
9
Let n(g) = 9*g**2 - 4. Let l = 41 - 46. Let a = l - -2. What is the tens digit of n(a)?
7
Let a = -20452 + 39185. Suppose -226*j = -239*j + a. What is the hundreds digit of j?
4
Suppose -7*g + 275 = -5*a - 2*g, 5*a + 303 = -2*g. Let t = 204 + a. What is the tens digit of t?
4
Let w(u) = u + 27. Let i(d) = 2*d**2 + 19*d - 18. Let f be i(-11). Let x be w(f). Let p = x - 5. What is the tens digit of p?
3
Let q = 18448 - 8388. What is the tens digit of q?
6
Suppose -14*n - 25 = 17. Let k be (-1 - -2)*-2 - 33/n. Suppose -k*m + 816 = -264. What is the units digit o